ultiple of 126?
False
Is 24 a factor of 11696856?
True
Does 3 divide 3378324?
True
Does 7 divide 37551073?
True
Is 153 a factor of 1193859?
True
Is 314 a factor of 273178266?
False
Does 59 divide 1007657696?
True
Does 21 divide 694678824?
True
Does 3414 divide 428576490?
True
Is 1437550 a multiple of 16?
False
Is 63 a factor of 48719790?
True
Does 155 divide 165528840?
True
Is 2579 a factor of 19345079?
True
Is 231 a factor of 518491743?
True
Is 31203300 a multiple of 47?
True
Is 180409037 a multiple of 10?
False
Is 62 a factor of 437612430?
True
Is 5489 a factor of 552611440?
False
Is 123 a factor of 120661278?
True
Is 1553689884 a multiple of 5?
False
Is 1720 a factor of 76247600?
True
Is 578328103 a multiple of 360?
False
Does 85 divide 7204747?
False
Does 3770 divide 2463777940?
True
Is 596881848 a multiple of 3?
True
Does 126 divide 203153493?
False
Does 30 divide 31411890?
True
Is 715409092 a multiple of 983?
False
Does 152 divide 3739808?
True
Does 402 divide 1621635036?
True
Is 11 a factor of 158914261?
True
Does 663 divide 425086880?
False
Is 5 a factor of 717138225?
True
Is 7954 a factor of 2473261668?
False
Is 54710220 a multiple of 15?
True
Does 4567 divide 798508357?
False
Is 457 a factor of 105217207?
False
Does 16 divide 83362880?
True
Is 210180878 a multiple of 885?
False
Is 1136112498 a multiple of 1088?
False
Is 179 a factor of 1341012331?
True
Is 18646187 a multiple of 84?
False
Is 11024 a factor of 3320773165?
False
Is 6327680 a multiple of 320?
True
Is 2533173400 a multiple of 680?
True
Is 121 a factor of 283307827?
True
Is 2986 a factor of 87165911?
False
Is 225494665 a multiple of 243?
False
Is 1745977242 a multiple of 3979?
True
Is 55 a factor of 463229600?
False
Does 31 divide 3994465940?
True
Is 5468976 a multiple of 489?
True
Is 32245204 a multiple of 37?
True
Is 7 a factor of 115073101?
False
Is 132 a factor of 131920799?
False
Is 1267254445 a multiple of 373?
True
Is 60733124 a multiple of 5?
False
Does 1350 divide 18311400?
True
Is 32623330 a multiple of 3722?
True
Is 1150353855 a multiple of 5727?
True
Does 4495 divide 88128646?
False
Does 122 divide 8098360?
True
Is 224322120 a multiple of 15?
True
Does 2987 divide 757994575?
False
Does 9830 divide 291852484?
False
Does 24 divide 29112888?
True
Does 426 divide 128515553?
False
Is 346153714 a multiple of 2042?
True
Does 4 divide 2565903?
False
Is 774 a factor of 5661127838?
False
Does 47 divide 1810809890?
True
Is 2739 a factor of 92553549?
True
Is 172 a factor of 31804520?
True
Is 22 a factor of 87820091?
False
Is 1321 a factor of 26005206?
True
Is 21534655 a multiple of 1377?
False
Does 14 divide 838090120?
True
Is 3 a factor of 937797330?
True
Is 1100577310 a multiple of 70?
True
Does 5 divide 2806755?
True
Does 3172 divide 1236420224?
True
Does 916 divide 762963301?
False
Is 3 a factor of 280358474?
False
Is 2446141018 a multiple of 26?
False
Is 97422056 a multiple of 947?
False
Is 8 a factor of 2523531597?
False
Is 881 a factor of 212631112?
True
Is 224068608 a multiple of 36?
True
Is 1625474235 a multiple of 105?
True
Is 54 a factor of 821948349?
False
Is 186309669 a multiple of 13?
True
Is 32 a factor of 148988?
False
Is 6944 a factor of 311091200?
True
Is 1210872 a multiple of 13?
True
Is 2819966 a multiple of 66?
False
Is 1363 a factor of 119040884?
False
Does 292 divide 699955081?
False
Is 343715515 a multiple of 13?
True
Is 1698450997 a multiple of 376?
False
Is 396 a factor of 46791756?
True
Is 31795930 a multiple of 37?
False
Is 23 a factor of 15386982?
False
Is 123 a factor of 1304158422?
True
Is 1295 a factor of 341048847?
False
Is 78 a factor of 2645614425?
False
Is 16377564 a multiple of 12?
True
Is 2409005479 a multiple of 49?
False
Does 111 divide 447222996?
True
Does 13 divide 6121601?
False
Is 46 a factor of 316155561?
False
Does 18 divide 361642968?
True
Is 38514252 a multiple of 1266?
True
Is 148 a factor of 16476225?
False
Is 2 a factor of 738761352?
True
Does 5341 divide 999220497?
False
Is 44 a factor of 806001812?
True
Does 2269 divide 6015819?
False
Is 4063 a factor of 140128807?
True
Is 49108045 a multiple of 588?
False
Is 26 a factor of 117499694?
True
Is 12549329 a multiple of 1513?
False
Does 157 divide 715379763?
True
Does 2907 divide 103593852?
True
Is 814 a factor of 2417225?
False
Is 32530440 a multiple of 12?
True
Is 106 a factor of 14042638?
False
Is 71 a factor of 1852696216?
False
Is 4310 a factor of 844044540?
True
Does 19 divide 16122811?
True
Is 30 a factor of 254773161?
False
Is 13 a factor of 2076443527?
False
Does 303 divide 15004058?
False
Does 121 divide 2099966?
False
Does 4 divide 101963881?
False
Does 59 divide 598957852?
True
Does 10 divide 149717951?
False
Does 36 divide 3547082989?
False
Is 670461268 a multiple of 96?
False
Does 7 divide 23202305?
True
Is 13 a factor of 195717883?
False
Is 46 a factor of 728262340?
True
Does 5984 divide 3338526117?
False
Is 206 a factor of 38465968?
True
Is 16 a factor of 2331581328?
True
Does 1420 divide 52362500?
True
Is 2185884912 a multiple of 1902?
True
Does 985 divide 1737227126?
False
Is 212 a factor of 61793103?
False
Is 234385146 a multiple of 2076?
False
Does 4 divide 92817452?
True
Is 577 a factor of 485102121?
False
Does 12 divide 42198413?
False
Does 12 divide 55692165?
False
Is 18 a factor of 68738407?
False
Is 219251076 a multiple of 17?
False
Is 211027572 a multiple of 14?
True
Does 9 divide 81314703?
True
Is 3348 a factor of 101501504?
False
Is 231 a factor of 44270457?
True
Does 3229 divide 1156775832?
False
Is 572087167 a multiple of 7783?
False
Does 19 divide 464398332?
False
Does 416 divide 251359264?
True
Does 3855 divide 6119140947?
False
Is 26395320 a multiple of 7?
True
Is 2678715 a multiple of 45?
True
Is 80007378 a multiple of 2123?
True
Is 24096930 a multiple of 451?
True
Does 13 divide 42047512?
True
Is 3851959235 a multiple of 328?
False
Is 85681596 a multiple of 1092?
True
Is 116511123 a multiple of 129?
True
Is 18 a factor of 651253428?
True
Is 53921565 a multiple of 150?
False
Is 22013645 a multiple of 23?
True
Is 5916 a factor of 2378350320?
True
Does 7130 divide 757074540?
False
Does 185 divide 23973582?
False
Is 40 a factor of 426641120?
True
Is 47249311 a multiple of 13?
False
Is 103454487 a multiple of 1423?
False
Is 421 a factor of 62862036?
True
Is 12 a factor of 131771174?
False
Does 2704 divide 22075456?
True
Is 5 a factor of 335155?
True
Is 305784029 a multiple of 1164?
False
Is 109824216 a multiple of 34?
True
Is 678920012 a multiple of 17?
False
Is 363 a factor of 39195288?
True
Does 121 divide 869926800?
False
Does 10 divide 1264302620?
True
Is 42479234 a multiple of 3514?
False
Is 4577810 a multiple of 118?
True
Is 46357905 a multiple of 92?
False
Is 5 a factor of 796558130?
True
Does 335 divide 35587385?
True
Does 39 divide 13309491?
True
Does 746 divide 96954636?
True
Is 969 a factor of 122879593?
False
Does 34 divide 25739415?
False
Is 10423022 even?
True
Does 6 divide 727910838?
True
Is 178897150 a multiple of 52?
False
Is 6 a factor of 18251454?
True
Is 10 a factor of 1458211188?
False
Is 155408068 a multiple of 76?
True
Is 595191346 a multiple of 23?
False
Is 3 a factor of 198026393?
False
Is 52231180 a multiple of 185?
False
Is 88 a factor of 793224960?
True
Does 684 divide 110916151?
False
Does 893 divide 59599713?
True
Is 13 a factor of 2699381763?
True
Is 11361 a factor of 2731043812?
False
Does 559 divide 7026352?
False
Is 90089994 a multiple of 482?
False
Is 225996804 a multiple of 138?
True
Is 7610373 a multiple of 3?
True
Is 22 a factor of 157694042?
True
Is 752 a factor of 359630813?
False
Is 201 a factor of 191516016?
True
Is 43 a factor of 578350?
True
Does 345 divide 89675770?
False
Does 455 divide 8408909?
False
Is 74 a factor of 125504098?
False
Does 9 divide 2266836393?
False
Does 38 divide 62812176?
True
Is 4390176 a multiple of 658?
True
Is 159798315 a multiple of 1395?
False
Does 3320 divide 1008961280?
True
Is 434 a factor of 10316180?
True
Is 66428372 a multiple of 908?
True
Does 1053 divide 52499421?
True
Is 31838826 a multiple of 6?
True
Is 626589536 a multiple of 194?
False
Is 285 a factor of 14249336?
False
Is 4551 a factor of 5824265127?
True
Does 3 divide 24101922?
True
Is 185 a factor of 36889